on divisor of v and 7.
7
Suppose -f + 51 = 4*h, f + 15 = 2*h - 18. What is the greatest common factor of h and 112?
14
Let p = -199 - -209. Let b be (-2 - (-3 - 1)) + 88. What is the highest common factor of b and p?
10
Let b = -82 + 103. Calculate the greatest common divisor of b and 14.
7
Suppose -4*b + 3*y + 225 = -2*y, 2*b = y + 117. Let a = 30 - 18. Suppose -3*p - p = -a, 21 = f + 3*p. Calculate the highest common divisor of b and f.
12
Let g(v) = -v**3 + 4*v**2 - 2*v - 4. Let i be g(-4). What is the greatest common divisor of i and 88?
44
Let i be (-155)/(-7) + (-4)/28. What is the highest common divisor of 198 and i?
22
Suppose 10*i - 8*i - n = 79, -3*i - 5*n + 125 = 0. Let j = 17 - 7. What is the greatest common divisor of i and j?
10
Let n(h) = h - 4. Let u be n(4). Suppose 3*g + 2*g - 50 = u. Calculate the highest common divisor of 90 and g.
10
Suppose 2*n = 8*n - 60. What is the greatest common factor of n and 110?
10
Let w = -33 + 41. What is the greatest common factor of w and 72?
8
Let s = 15 - 11. Suppose 3*x - 6 = 5*h + 29, 4*h = -s*x + 36. What is the greatest common divisor of x and 5?
5
Let j be (-1)/((15/(-81))/(-5)). Let x be (-4)/(12/j) - 3. Calculate the highest common factor of 4 and x.
2
Suppose 0 = 5*r + 3*y - 243, r = 3*y + 23 + 22. Calculate the greatest common factor of r and 16.
16
Let u be ((-9)/(-12))/(1/32). What is the highest common divisor of 16 and u?
8
Let d = -89 - -100. What is the greatest common factor of d and 165?
11
Let l(z) = z**3 - 7*z**2 - 6*z + 2. Let x = -4 - -12. Let m be l(x). What is the greatest common divisor of 198 and m?
18
Suppose -3*o = -2*q + 53, q - 4*q + 80 = -4*o. Let m be (-4)/(-1)*10/10. Calculate the greatest common factor of q and m.
4
Suppose 0 = -5*a + a + 176. Suppose 2*z - 5*u = 134 - 43, -z = -4*u - a. Let f be (2 - 3) + 0 + 17. Calculate the greatest common factor of z and f.
16
Let c(n) = -80*n. Let b be c(-1). Suppose -4*t + 38 + 42 = 0. What is the highest common factor of b and t?
20
Let h(f) = f**3 - 15*f**2 + 6*f + 9. Let k be h(15). Let t be 1 - (-9 + 3 + -2). What is the greatest common factor of k and t?
9
Let v = 5 + -12. Let u(k) = -26*k - 6. Let l be u(v). Let q = l + -113. Calculate the highest common factor of 9 and q.
9
Suppose x + 5 = 2*x. Calculate the highest common divisor of 40 and x.
5
Let z be -2 + (8/28 - (-54)/7). Calculate the highest common factor of z and 30.
6
Let r = 387 - 131. What is the greatest common factor of 32 and r?
32
Let c = 9 - -6. Suppose -2*j - 2*m + 6*m - 16 = 0, 0 = 2*j + m + 6. Let g = c + j. What is the highest common factor of 11 and g?
11
Suppose -3*i + 15 = -12. Suppose -5*z - 18 = -2*z. Let g = z - -9. Calculate the greatest common factor of i and g.
3
Let n = 2 - -1. Let p(u) = 17*u - 2. Let g be p(-3). Let a be g/(-2) + 2/4. What is the highest common factor of n and a?
3
Let a(q) = 1. Let c(s) = 2*s - 3. Let l(k) = -6*a(k) - c(k). Let i be l(-3). Suppose 3*y - i = 27. What is the highest common divisor of y and 50?
10
Let s(a) = a**2 + 4*a - 3. Let o be s(-5). Calculate the greatest common divisor of o and 6.
2
Let p be (-1)/5 + (-280)/(-25). Suppose -a = 5*r, 3*a + 5*r - p = 9. Let k = -5 + a. Calculate the highest common divisor of 10 and k.
5
Suppose -3*t + t + 24 = 0. Calculate the highest common divisor of 132 and t.
12
Suppose -49 = -4*m + 55. Suppose -143 = -2*q - 9*q. What is the highest common divisor of m and q?
13
Let q(m) = 5*m**2 + m**3 - 6 + 8*m + 5*m**2 - 2*m**2 + 2*m**2. Suppose -5*p = -5 + 50. Let t be q(p). Calculate the greatest common factor of 9 and t.
3
Let w be 5 - (1 + -2 - 20). What is the greatest common divisor of w and 91?
13
Let p = -33 + 62. Calculate the greatest common divisor of p and 203.
29
Let h(u) = -u**2 - 11*u - 10. Let n be h(-4). What is the highest common divisor of n and 36?
18
Let k = 57 + -39. What is the greatest common divisor of k and 12?
6
Let s(h) = -h + 13. Let y be s(11). Suppose -3*w = y*i - 0*w - 35, 4*w - 4 = 0. What is the greatest common divisor of i and 48?
16
Let b = 25 - 21. Let f be 2/8 - (-62)/8. What is the greatest common factor of b and f?
4
Let g(l) = -3*l**3 - l**2 + 2*l + 1. Let d be g(-2). Let u be 1126/6 + (-6)/9. What is the greatest common divisor of d and u?
17
Let u(d) = -d**3 + 6*d**2 - 7*d + 12. Let g be u(4). Calculate the greatest common factor of 24 and g.
8
Let z(m) = -m**2 + 13*m - 10. Let h be z(8). What is the greatest common divisor of h and 6?
6
Suppose 5*x - 388 = -3*k, 4 = -0*k + 4*k. Let h be (-18)/4*(-16)/4. Let d = h - 7. What is the greatest common factor of d and x?
11
Let l be (-6)/(-8) + (-1 - (-481)/4). What is the greatest common factor of l and 30?
30
Let h(n) = 2*n + 7. Let y be h(-1). Suppose 6*j - j = 5. Calculate the highest common divisor of y and j.
1
Let h be 4 - (0 + 6 + -4). Let j be 2 + 1 + 1*-1. What is the greatest common factor of h and j?
2
Let j = 60 - 6. Calculate the highest common divisor of j and 27.
27
Let f be 1 - 7/(7/(-34)). Suppose 0 = -2*o + o + f. Calculate the highest common divisor of 7 and o.
7
Let m(r) = r**2 - r - 7. Let j be m(-6). Calculate the highest common factor of 14 and j.
7
Let b be (-1*1/4)/(4/(-48)). What is the greatest common factor of 5 and b?
1
Let n(d) = 2*d**2 + d + 4. Let j be n(-4). Calculate the greatest common factor of 80 and j.
16
Let j(d) = -d**3 - 2*d**2 - 4*d - 3. Let v be j(-4). Calculate the greatest common divisor of v and 15.
15
Let a(b) = b**2 - 4*b + 6. Let r be a(4). Suppose 70 = -t + r*t. What is the greatest common factor of t and 14?
14
Let l be 0/1 + -4 + -3 + 14. What is the highest common factor of l and 91?
7
Let v = 128 - 86. Let m = 13 - 7. Let x(r) = 3*r - 4. Let n be x(m). What is the highest common factor of v and n?
14
Let v(m) = -m**3 + 9*m**2 - 7*m + 2. Let n be v(8). Calculate the highest common divisor of 25 and n.
5
Let g(z) be the first derivative of -1 + z - 11/2*z**2. Let a be g(-1). Calculate the highest common divisor of 36 and a.
12
Suppose 14*g - 60 = -g. Let z(q) = -q**2 + 4 + 4*q**2 + q**3 + 0. Let t be z(-3). What is the greatest common factor of t and g?
4
Let p be (-1)/(-1 + 0) + 7. Suppose 4*y + 64 = p*y. What is the greatest common factor of 16 and y?
16
Suppose t = -0*t - 5*i + 122, 4*i = 3*t - 328. Suppose -4*n + r + 252 = 0, 6*n - 4*r = 4*n + t. What is the greatest common divisor of n and 8?
8
Let j be (-1)/1*-22 - (2 - 0). What is the greatest common factor of j and 5?
5
Let k = 99 + 31. Suppose -s + k = 2*s - m, 4*s = 4*m + 184. Suppose -3*w + 66 = -3*l, -3*w = 2*l - s - 24. What is the greatest common divisor of w and 33?
11
Let z be (-636)/(-15) - (-4)/(-10). Let i be (24/7)/(6/z). Calculate the greatest common factor of 36 and i.
12
Suppose 0 = -3*a + 6 + 3. Let h(f) = 7*f**2 - f - 4. Let i be h(a). Calculate the greatest common factor of i and 7.
7
Let r = 5 - 2. Suppose 0 = -5*z - r*u + 30, -5*z - 3*u - 2*u + 40 = 0. Let w be (-102)/(-3) + (-2)/2. What is the highest common divisor of w and z?
3
Suppose a + 25 = 3*j, -5*a - 2*j + 7*j - 75 = 0. Let s be a/(-25) + (-26)/(-10). Let v be (-4)/(4/(-11)) + -2. Calculate the greatest common divisor of v and s.
3
Suppose -o - 2*o + 5*h = 2, 0 = 5*o + 4*h - 9. Let k be (-526)/(-6) + o/3. Calculate the greatest common factor of k and 8.
8
Suppose 112 = 2*b + 10. Let p = -36 + b. Calculate the highest common divisor of p and 3.
3
Suppose -2*l + 71 = -k, 0*l = 2*l - 3*k - 73. Let u = l + 25. Suppose 0*h + 48 = 2*h. What is the greatest common factor of h and u?
12
Let b(a) = 3*a. Let n(d) = d**3 - d**2 + 8. Let w be n(0). Let p be b(w). Let q be 337/2 + (-2)/4. What is the highest common divisor of q and p?
24
Let b be 1 + -1 + (0 - -1). Suppose s - 3*p = b + 15, -28 = -3*s + 5*p. What is the greatest common factor of s and 11?
1
Suppose -3*b + 71 = -7*b - w, -5*b = -5*w + 70. Let n = -11 - b. Suppose j - n - 2 = 0. What is the highest common factor of j and 8?
8
Let v(t) = -8*t**3 - t**2 + t - 2. Let c be v(-2). Let r = -10 + 18. Calculate the greatest common factor of c and r.
8
Let z be (3/2)/((-18)/(-96)). Calculate the greatest common factor of 80 and z.
8
Let n be 7 + (1 + 0)*24/12. Calculate the highest common divisor of 1 and n.
1
Suppose -4*l = -2*z - 0*z + 244, -z =